-1
Let c(i) = -i**2 + 8*i + 3. What is c(6)?
15
Let s(l) = -18*l + 65. What is s(2)?
29
Let n(x) = -x**2 - 13*x + 4. Calculate n(-13).
4
Let x(h) = -2*h**3 - 22*h**2 - 20*h - 8. Determine x(-10).
-8
Let n(v) = -8*v**3 + 2*v**2 + 2*v + 1. Calculate n(-2).
69
Let j(k) = 46*k - 250. What is j(6)?
26
Let x(d) = 15*d**2 - 1. Determine x(1).
14
Let r(k) = k**2 + 2*k - 12. Give r(0).
-12
Let n(c) = -c**2 - 17*c - 1. What is n(-16)?
15
Let b(m) = m**3 + 14*m**2 - 13*m + 35. Determine b(-15).
5
Let q(m) = -m - 6. Calculate q(8).
-14
Let x(c) = c**3 - 8*c**2 - 8*c + 2. Calculate x(9).
11
Let g(k) = 44*k**2. Calculate g(1).
44
Let a(l) = 3*l**2 - l - 3. What is a(2)?
7
Let f(c) = c + 1. Determine f(15).
16
Let m(d) = d**3 - 29*d**2 + d - 92. Determine m(29).
-63
Let v(g) = g**3 - 5*g**2 - 7*g. Calculate v(6).
-6
Let r(x) = -x**3 + x**2 + 5*x - 6. Calculate r(3).
-9
Let f(i) = -i**2 + 12*i - 28. Calculate f(4).
4
Let o(v) = v**2 + 19*v - 49. Determine o(-22).
17
Let l(p) = -p**3 + 11*p - 19. Calculate l(2).
-5
Let s(v) = -v**2 + 8*v + 13. Calculate s(-3).
-20
Let k(g) = 4*g + 28. What is k(-7)?
0
Let o(m) = -m**2 + 12*m - 13. What is o(11)?
-2
Let o(p) = p**3 + 3*p**2 - 6*p - 1. Determine o(-4).
7
Let a(z) = 2*z**2 - 13*z + 2. Calculate a(7).
9
Let y(f) = -5*f + 69. Give y(12).
9
Let x(v) = 3*v**2 + 8*v - 3. Give x(-6).
57
Let m(l) = 8*l - 37. What is m(10)?
43
Let v(i) = -i**3 + i**2 + i - 16. Determine v(0).
-16
Let i(x) = -x**2 + x + 13. Give i(5).
-7
Let g(h) = 8*h**2 + h + 1. Give g(-1).
8
Let d(x) = 3*x + 9. Determine d(-3).
0
Let l(v) = v**2 + 4*v - 6. Determine l(-5).
-1
Let r(x) = x**3 + 5*x**2 + x - 2. Give r(-3).
13
Let s(n) = n**2 + 18*n - 4. Determine s(-18).
-4
Let v(h) = -15*h - 108. Calculate v(-7).
-3
Let f(u) = -2*u**2 - 6*u - 5. Give f(-2).
-1
Let k(p) = -p**2 - 3*p + 1. What is k(3)?
-17
Let h(g) = 5*g + 3. Calculate h(-10).
-47
Let r(z) = -3*z - 11. What is r(-7)?
10
Let m(c) = c**2 - 27*c - 465. What is m(-12)?
3
Let c(i) = -i**2 + 6*i + 67. Determine c(-6).
-5
Let s(a) = a**2 + 2*a + 22. What is s(10)?
142
Let x(d) = -2*d**2 - 8*d + 4. Determine x(-7).
-38
Let z(o) = o**2 - 9*o + 4. Calculate z(7).
-10
Let h(q) = q**3 - 5*q**2 - 3*q - 4. What is h(5)?
-19
Let u(c) = -7*c - 23. Determine u(-6).
19
Let q(b) = 3*b - 33. Give q(4).
-21
Let l(b) = -3*b + 5. What is l(5)?
-10
Let t(s) = -s**3 + 7*s**2 + s + 6. Calculate t(6).
48
Let r(h) = h**2 - 19*h + 6. Determine r(19).
6
Let a(j) = -j**2 - 8*j + 2. What is a(-7)?
9
Let g(j) = j**2 + 17*j - 12. Give g(-18).
6
Let u(y) = y - 10. Give u(0).
-10
Let g(j) = -j + 5. Give g(-14).
19
Let r(v) = -154*v + 300. Determine r(2).
-8
Let t(a) = 2*a**3 - 42*a**2 - 2*a + 30. Calculate t(21).
-12
Let n(x) = 9*x + 22. Give n(-4).
-14
Let q(t) = -12*t + 2. Give q(4).
-46
Let g(a) = 10*a - 1. Determine g(1).
9
Let m(t) = -23*t - 71. Calculate m(-3).
-2
Let y(i) = -i**3 - 15*i**2 - 16*i - 39. What is y(-14)?
-11
Let v(q) = -5*q + 32. What is v(5)?
7
Let l(v) = 4*v + 1. Give l(-2).
-7
Let a(v) = 2*v**3 + 9*v**2 + v - 4. What is a(-4)?
8
Let p(k) = -2*k**2 + 37*k - 46. Determine p(17).
5
Let m(w) = w**3 - 19*w**2 + 2*w + 19. Calculate m(19).
57
Let o(h) = h**3 + 4*h**2 + 4*h - 1. Determine o(-2).
-1
Let d(o) = -6*o + 7. Calculate d(-6).
43
Let g(v) = -v**3 + 13*v**2 + 31*v - 1. Give g(15).
14
Let v(h) = -h**2 - 3*h + 2. What is v(0)?
2
Let d(r) = 19*r - 422. Calculate d(21).
-23
Let m(y) = y**2 + 20*y + 11. Calculate m(0).
11
Let p(s) = 9*s - 24. What is p(3)?
3
Let h(r) = r**2 + 4*r - 5. Give h(4).
27
Let a(c) = c**3 + 5*c**2 - 31*c - 158. Give a(-6).
-8
Let r(c) = 3*c**2 - 58*c + 22. Determine r(19).
3
Let k(c) = -c + 6. Calculate k(0).
6
Let q(h) = -h**3 + 9*h**2 + 3*h + 12. Calculate q(9).
39
Let x(f) = f**2 + 11*f - 10. Give x(-9).
-28
Let l(g) = -g - 1. Determine l(5).
-6
Let q(j) = -104*j**2 - 2*j + 1. Calculate q(1).
-105
Let i(q) = -q**3 + 64*q**2 - 185*q + 123. Give i(61).
1
Let k(p) = -24*p + 7. What is k(0)?
7
Let p(o) = 3*o**3 - 4*o**2 + 3*o. Determine p(2).
14
Let t(f) = -19*f - 4. Determine t(0).
-4
Let a(b) = b**3 + 11*b**2 - 13*b - 17. Calculate a(-12).
-5
Let y(k) = k**3 - 5*k**2 + 3*k - 5. Determine y(4).
-9
Let i(h) = 7*h**2 - 2*h - 2. Calculate i(2).
22
Let x(w) = -w**3 + 6*w**2 + 7*w - 1. Calculate x(7).
-1
Let v(w) = -2*w + 7. What is v(3)?
1
Let x(q) = q**3 + 4*q**2 + 4*q + 6. Give x(-3).
3
Let z(b) = -b**2 - b. Determine z(5).
-30
Let i(x) = -x**3 - 6*x**2 - 6*x + 1. Determine i(-2).
-3
Let p(o) = 10*o + 216. What is p(-19)?
26
Let m(r) = -88*r. Give m(-1).
88
Let a(l) = 8*l + 16. Give a(8).
80
Let x(a) = a**2 + 5*a + 6. Determine x(-6).
12
Let c(h) = h**3 + 3*h**2 - 8*h + 3. Give c(-5).
-7
Let l(t) = 24*t**2 + t - 2. Give l(1).
23
Let w(o) = -8*o + 142. What is w(15)?
22
Let n(f) = -f**3 - 40*f**2 - 143*f + 12. What is n(-36)?
-24
Let z(i) = -29*i - 149. Give z(-5).
-4
Let i(f) = f**3 + f**2 + 2*f - 3. Calculate i(0).
-3
Let x(b) = -b**3 + 6*b**2 - 4*b + 16. Give x(6).
-8
Let w(f) = -f**3 + 6*f**2 + 14*f + 6. What is w(8)?
-10
Let k(g) = -g**3 + 37*g + 4. Determine k(-6).
-2
Let o(a) = -a**3 + 5*a**2 + 4. What is o(5)?
4
Let t(s) = s**3 - 6*s**2 - 35*s + 72. Give t(9).
0
Let l(v) = -5*v**2 + 70*v - 63. Calculate l(13).
2
Let a(v) = -v**3 + 10*v**2 + 2*v - 13. Calculate a(9).
86
Let g(a) = -12*a + 7. Calculate g(1).
-5
Let t(l) = -43*l - 3. Calculate t(-1).
40
Let y(i) = -4*i + 31. Give y(9).
-5
Let s(q) = -2*q**3 + 5*q**2 - 4*q - 1. Give s(2).
-5
Let w(i) = 3*i + 1. Give w(-2).
-5
Let j(f) = -28*f + 617. Calculate j(22).
1
Let d(r) = -19*r - 1. Determine d(1).
-20
Let o(l) = -2*l**2 - 4*l + 3. Determine o(1).
-3
Let n(w) = -w**3 - 25*w**2 - 23*w + 28. What is n(-24)?
4
Let o(v) = -v**3 + 6*v**2 + 5*v - 27. Give o(6).
3
Let d(h) = h**2 - 14*h + 24. What is d(8)?
-24
Let l(j) = -2*j**3 - 25*j**2 + 10*j - 20. What is l(-13)?
19
Let y(b) = -2*b + 24. What is y(13)?
-2
Let k(s) = -s - 3. What is k(1)?
-4
Let s(j) = j**3 - 11*j**2 - 14*j + 5. Determine s(12).
-19
Let y(k) = -k**2 + k + 29. Give y(-5).
-1
Let g(o) = -o**2 + 15*o - 12. Calculate g(14).
2
Let s(v) = -3*v**2 + 3*v + 1. Calculate s(-2).
-17
Let b(p) = -19*p**2 + p + 1. Calculate b(-1).
-19
Let u(l) = -2*l**3 - 19*l**2 + 12*l + 20. Determine u(-10).
0
Let w(z) = -z**2 + z + 10. Determine w(-3).
-2
Let o(j) = -3*j - 1. Give o(4).
-13
Let f(d) = -10*d**2 - 1. What is f(-2)?
-41
Let l(t) = 139*t - 1534. What is l(11)?
-5
Let h(o) = -o**3 + 19*o**2 - 28*o + 37. Determine h(17).
139
Let o(r) = 34*r + 208. Give o(-6).
4
Let z(w) = w + 21. Determine z(4).
25
Let n(v) = v**2. Determine n(-3).
9
Let n(r) = -r**2 + 12*r - 38. Determine n(6).
-2
Let t(m) = m**3 + 9*m**2 - 4*m + 54. Determine t(-10).
-6
Let k(s) = -3*s**3 + 9*s**2 - 6*s - 1. Give k(3).
-19
Let m(r) = 42*r**2 + r - 1. Give m(1).
42
Let t(p) = -p**3 - 8*p**2 - 5*p + 14. Determine t(-7).
0
Let f(d) = -3*d**2 + 4*d - 3. What is f(4)?
-35
Let q(n) = -n**3 - 2*n**2 - 4*n - 7. Give q(-2).
1
Let r(z) = -17*z + 570. Determine r(33).
9
Let q(t) = -2*t**2 - 12*t + 8. Give q(-9).
-46
Let m(h) = -h**3 - 4*h**2 + 5*h + 7. Give m(-4).
-13
Let t(o) = -o**2 + 7*o + 1. Determine t(6).
7
Let g(p) = 2*p**3 - 6*p**2 + 9*p - 5. Give g(3).
22
Let o(f) = 2*f**3 + 6*f**2 - 7*f - 1. Give o(-5).
-66
Let j(s) = -3*s**2 + 24*s. Determine j(8).
0
Let t(x) = -x**2 + 12*x - 7. Determine t(11).
4
Let y(i) = -2*i - 1. Calculate y(-7).
13
Let c(b) = -b**2 + 12*b - 33. Determine c(8).
-1
Let g(l) = -6*l - 4. Calculate g(0).
-4
Let k(l) = l - 2. Determine k(0).
-2
Let u(x) = -2*x - 27. Calculate u(-8).
-11
Let t(v) = 2*v**2 - 2*v - 5. Give t(-3).
19
Let x(r) = -6*r**3 + 2*r**2 + 3*r + 1. Calculate x(-1).
6
Let g(x) = 7*x - 6. Give g(6).
36
Let x(j) = 2*j**2 + j - 17. What is x(6)?
61
Let g(v) = -v**2 + 11*v - 28. What is g(7)?
0
Let l(f) = -f**3 + 10*f**2 - 6*f - 35. Determine l(8).
45
Let u(s) = -2*s**3 + 26*s**2 - 2*s + 26. Calculate u(13).
0
Let i(d) = -42*d + 800. Calculate i(19).
2
Let d(b) = b**2 - 17*b + 42. What is d(13)?
-10
Let g(l) = l**3 + 6*l**2 + 5*l - 4. Determine g(-3).
8
Let n(m) = -m**2 + 9*m - 20. Give n(8).
-12
Let c(q) = -2*q**3 - q**2 + 3*q + 2. Give c(-2).
8
Let p(w) = -2*w**2 + 6*w - 1. Give p(6).
-37
Let q(v) = -41*v - 11. Calculate q(0).
-11
Let c(q) = 7*q + 5. Determine c(1).
1